t the prime factors of j.
2, 23
List the prime factors of (4 - (-88)/(-20))/(2/(-215)).
43
Let b(j) = -14 + 4 + 5*j - 12*j. What are the prime factors of b(-8)?
2, 23
Let p be ((-12)/(-10))/(6/90). Suppose 3 + 5 = 4*m, f - 3*m = p. Suppose -5*u + 16 = -f. List the prime factors of u.
2
Suppose 0 = 4*p - 18 - 14. Suppose 0*h + 2*h + p = 0, -s + 19 = -h. What are the prime factors of s?
3, 5
Suppose -3*p = -2*p - 74. List the prime factors of p.
2, 37
Let c(w) = w**3 - 9. What are the prime factors of c(4)?
5, 11
Let y = 56 + -100. List the prime factors of (-2)/4 - y/8.
5
Suppose u - 8 = -2*i - i, -5*u = 2*i - 14. Suppose i*s = s + 16. What are the prime factors of s?
2
Let l = -1 + -3. Let a be (l/3)/((-6)/(-162)). Let x = -23 - a. What are the prime factors of x?
13
Let v = 82 + -41. What are the prime factors of v?
41
Suppose -7 = s + 3*i - 249, 1275 = 5*s + 2*i. List the prime factors of s.
257
Let b = 24 - -7. Suppose -4*n - 3 + b = 0. What are the prime factors of n?
7
Suppose g + f = 4, 9 = 5*g + 3*f - 11. List the prime factors of g.
2
Suppose 3*p + 3*u + 13 = -u, 5*u + 22 = 2*p. Suppose -5*y - 9 = 4*z + p, 0 = 5*z - y - 2. Suppose -5*x + 36 + 24 = z. List the prime factors of x.
2, 3
Let a(i) = i**3 + i**2 + i - 1. Let k be a(1). Suppose 5*t - 4*u + 7 = 48, k*u - 7 = -3*t. What are the prime factors of t?
5
Let f(v) = v + 6. Let u be f(5). Suppose 3*n = 2*n - 5*z + 15, 0 = 2*n + 4*z - 12. Suppose n*t + t = u. What are the prime factors of t?
11
Let d(t) = t**3 - 2*t**2 + 3*t - 1. Let s be d(2). Suppose -73 = -s*z + 2. List the prime factors of z.
3, 5
List the prime factors of 61/(4 + 3/(-1)).
61
Let z = 6 - 3. Suppose -40 = -5*u + 5*c, z*c - 20 = -c. List the prime factors of u.
13
Let z be (4/10)/((-6)/30). Let f be (14 + z)*1/(-2). Let m = 10 + f. What are the prime factors of m?
2
Let i(d) = -2*d**3 - 3*d**2 + 6*d + 4. List the prime factors of i(-4).
2, 3, 5
Let d be 12/((-2)/(4/(-3))). Suppose -3*v = -d*v - 30. Let r = v - -8. List the prime factors of r.
2
Let o(c) = -c**3 - 3*c**2 + 2*c. Let q be o(-4). Suppose 7*v = 11*v - q. What are the prime factors of v?
2
Let a = -1 - -3. Let l(n) = 5 - 5 + 14*n**a - n + 0*n**2 - 1. List the prime factors of l(-1).
2, 7
Let i(k) = 3*k**2 + 4*k - 1. What are the prime factors of i(-8)?
3, 53
Let p(f) = -f**3 - 5*f**2 + 7*f + 9. Let t be p(-6). Let d = t - -10. Let x = d + -5. List the prime factors of x.
2
Suppose 2*r - 20 = -2*r. Let b = 0 + 0. Suppose b = 2*l - r*n - 23, l - 26 = -2*l - n. What are the prime factors of l?
3
Let f = 7 - 4. Suppose r = 3*m + 1, r = -4*r - f*m - 85. Let v = -8 - r. List the prime factors of v.
2, 3
Let j(o) = o - 1. Let b be j(5). What are the prime factors of 4/4 + b*3?
13
Suppose 5*j + 3*o = -2*o, 2*o = -4*j + 8. Let g = j + 4. List the prime factors of g.
2
Let u(l) = -l + 1. Let x(t) = t**2. Let k(p) = 4*u(p) + x(p). What are the prime factors of k(4)?
2
List the prime factors of (90/4)/((-54)/(-24) - 2).
2, 3, 5
Let g(f) = 3*f - 4. Let z(h) = -h**3 - 3*h**2 + 2*h - 4. Let v be z(-4). List the prime factors of g(v).
2
Let b(x) = -x**2 - 5*x + 5*x + 0 + 4*x + 5. Suppose -5 = 2*g - 13. What are the prime factors of b(g)?
5
Suppose -4*x - 13 = -2*b + 63, 4*b + 3*x = 152. List the prime factors of b.
2, 19
Let f = -132 - -259. List the prime factors of f.
127
List the prime factors of (-9)/3 - (-7 - -1).
3
Let l(u) = 3 + 8 + 29*u - 28*u. List the prime factors of l(-9).
2
Let m = -1 - -3. Let n be m + -4 - (2 + -12). Suppose -5*o - 26 = -u - 2*u, 4*u + n = -4*o. What are the prime factors of u?
2
Suppose -5*f + 13 = 5*t - 32, -4*f + 4 = -4*t. Suppose 0 = i - 0*i - f. List the prime factors of i.
5
What are the prime factors of (-6)/24 + (-578)/(-8)?
2, 3
Suppose -6*m + 8 = -2*m. Let z be 4/(-6)*(-15)/m. Suppose 2*o - 2*y = 2, -z*o + 3 + 6 = -y. List the prime factors of o.
2
Let x(t) = 2*t**2 + t - 1. Let z(r) = r**3 + 3*r**2 - 6*r - 6. Let d be z(-4). What are the prime factors of x(d)?
3
Suppose 0 = 4*q + 3*r + 133, 3*r - 4 = -1. Let m be 3/(-2)*q + -3. Suppose 0*h + 4*h = m. List the prime factors of h.
2, 3
Suppose 0 = 5*h - 0*h - 3*p - 150, 0 = -3*p. List the prime factors of h.
2, 3, 5
Let d be -2 + 10/2 - -3. Suppose d*h - 40 = h + 5*q, 5*h - 60 = -5*q. What are the prime factors of h?
2, 5
Let z be 16/(-96) - 5/6. List the prime factors of -3 - 4*z - -2.
3
Let o = 20 + 40. List the prime factors of o.
2, 3, 5
Let w = 209 + -106. What are the prime factors of w?
103
Let z(r) = r - 4. Let x be 1 + (0 - 2) + 2. Let s be 6*x/(1/1). List the prime factors of z(s).
2
Let w be (2/(-3))/((-4)/138). Let c = w - 11. What are the prime factors of c?
2, 3
Let m(a) be the first derivative of 2*a**3/3 - 2*a**2 - 2*a + 2. Let x be m(4). Let k = x - 1. List the prime factors of k.
13
Suppose 0 = 4*p - 2*y - 150, -3*y = 2*p - 24 - 55. List the prime factors of p.
2, 19
Suppose 64*l = 65*l - 17. List the prime factors of l.
17
Suppose 6*w = -5*b + w - 20, -3*b + 23 = -4*w. What are the prime factors of (6 + -3 - 1)*b?
2
Let h(o) = o**3 - 5*o**2 + 4*o + 2. Let f be h(4). Suppose -6*i + f*i + 116 = 0. What are the prime factors of i?
29
Suppose 47 + 8 = -5*k. Let p = 20 - 40. Let z = k - p. What are the prime factors of z?
3
Let s = 69 - 37. List the prime factors of s.
2
Suppose 6*i = 5*i. Suppose -5*w = 2*n - 18, i = -0*n - n + 5*w + 24. List the prime factors of n.
2, 7
Suppose 0 = -6*u + 3*u. Let j(s) = 3*s**2 - 3*s + 2. Let a be j(2). Suppose u = -i - x + 1 + a, -4*i + 28 = 2*x. List the prime factors of i.
5
Let j be (0 - -2)*(34 - -1). Let l = -25 + j. List the prime factors of l.
3, 5
Let s(x) = 5*x + 9. What are the prime factors of s(5)?
2, 17
Suppose -2*n - 2*n = -80. Suppose h - 3*h = -n. List the prime factors of h.
2, 5
Let i be 2*(-282)/(9/(-3)). Suppose -8*k = -12*k + i. What are the prime factors of k?
47
Let u(j) = j**3 - 2*j**2 + 2*j + 4. What are the prime factors of u(3)?
19
What are the prime factors of 175 - (4 - 2/2)?
2, 43
Suppose 2*r - 8*r = -234. List the prime factors of r.
3, 13
Suppose -4 - 11 = -3*a. What are the prime factors of a?
5
Let m(o) = o**2 + 12*o - 9. Let s be m(-14). Suppose -z - 2*z = 33. Let l = z + s. List the prime factors of l.
2
Suppose 0 + 30 = 5*i. List the prime factors of (2*-2)/(i/(-9)).
2, 3
Let v(s) be the first derivative of -4*s**3/3 - s**2/2 - 1. Let a be v(2). Let c = -8 - a. What are the prime factors of c?
2, 5
Suppose -3*l + 2*z - 5*z = 0, 0 = l + 5*z + 20. Let w = 10 - l. List the prime factors of w.
5
Let f(y) = y**3 + 10*y**2 + y + 9. What are the prime factors of f(-7)?
149
Suppose q + 2 = 3. Let f = 19 - q. List the prime factors of f.
2, 3
Let u(b) = b**3 + 2*b**2 + 2. Let l be u(-2). Suppose 21 = 3*m + l*j + 2, m = 3*j + 21. Let d = m - 6. What are the prime factors of d?
3
Suppose -59 = -3*n + 7. Let c(j) = j**2 + 7*j - 4. Let h be c(-6). Let d = n + h. List the prime factors of d.
2, 3
Suppose 12 = 3*y, 3*v + 44 = 5*v + 5*y. What are the prime factors of (-2)/(-12) - (-58)/v?
5
Suppose -306 = -3*n + 2*t, -2*n = -2*t - t - 209. Suppose 0 = 8*b - 4*b - n. Let m = b + -17. What are the prime factors of m?
2
Suppose -o - 3*o - 26 = -2*d, -5*d = -3*o - 65. Let x = -17 + 18. Let p = x + d. What are the prime factors of p?
2, 7
Let p(h) = h**3 - 5*h**2 + 3*h + 6. List the prime factors of p(5).
3, 7
Let y(f) = -f - 6. Let z be y(-9). Suppose z*a - 5*a + 12 = -4*r, -2*a = 5*r - 21. List the prime factors of a.
2
Let k(l) = 9*l**2 - l. Suppose 4*w + z - 1 = 0, -3*w + 6*z = 3*z + 18. List the prime factors of k(w).
2, 5
Let z = -68 - -96. Suppose 0*w = -2*w - 5*b + z, -3*w + 16 = b. Suppose m - 3*t = 1 - 14, -5*m + w*t - 10 = 0. What are the prime factors of m?
2
Let k(t) = -t**3 - 4*t**2 + 2. Let s be k(-4). Suppose -s*d = -d - 3. Let i = d - -6. List the prime factors of i.
3
Suppose 3*a = 32 + 67. What are the prime factors of a?
3, 11
Let q(i) = i**3 - 7*i**2 - 9*i + 9. Let h be q(8). Suppose 3*b + 32 = 2*o, 3*o - 33 - 3 = 3*b. Let m = h - b. What are the prime factors of m?
3
Let g(l) = -5*l - 13. List the prime factors of g(-9).
2
Let r = -18 + 34. What are the prime factors of r?
2
What are the prime factors of (-34)/(-8)*(15 + -11)?
17
Let o(k) = k**2 + k. Let w be o(1). Suppose 0 = -4*s + i + 5